) = -s - 1. Let h(f) = 5 - 10 - 5 - 3*f. Let t(z) = g*h(z) + 4*m(z). Give t(0).
6
Suppose 20 = 8*w - 4*w. Suppose 25 = -5*x - w. Let l(c) = -5*c - c**3 + 0*c**2 - 7*c**2 + 7 - 2*c + 0*c. Calculate l(x).
13
Let d(y) = -y**3 - 21*y**2 - 20*y - 10. Let z = -752 + 732. Give d(z).
-10
Let b(j) = j**3 - j**2 + 5*j - 5. Let f be b(2). Suppose 0*r + 45 = -f*r. Let z(x) = -2*x + 1. Determine z(r).
11
Let r(k) = 2*k**3 + 9*k**2 + 3*k - 5. Let o be r(-4). Let a(j) = 1. Let f(p) = 3*p + 3. Let u(z) = o*f(z) - a(z). Determine u(-6).
14
Let r(x) = -7*x**2 - 3*x + 12. Let h(k) = 4*k**2 + k - 6. Let s(p) = -5*h(p) - 3*r(p). Suppose -2*i = -o - 5, 5*o - 5*i = 2*o - 15. Give s(o).
-1
Let p(v) = v**3 + v**2 - 5*v - 4. Let f(a) = -22*a + 1. Suppose 3*n = 2 + 1. Let l be f(n). Let m = l + 18. Determine p(m).
-7
Let g be 1*-1 + 36/4. Let m(z) = -8*z + 17*z - 2 - 4*z - g*z. Determine m(-3).
7
Let s(w) = 11 - 1432*w - 4 + 1427*w + 2. What is s(7)?
-26
Let n be (-1)/5 - 122/(-10). Suppose 0*a = -4*a + n. Let s be a*((-40)/(-6))/(-4). Let o(w) = w**2 + 2*w - 7. Determine o(s).
8
Let y(a) be the second derivative of -a**5/20 + a**4/12 - 7*a**2 + 138*a. What is y(0)?
-14
Suppose 0 = -5*r - 4*u + 29, -2 = r - 2*r + 3*u. Suppose z + r = 6*z + 5*g, -4*g = -20. Let q be (z/8)/((-1)/(-2)). Let c(h) = -7*h. Give c(q).
7
Let s(l) = 6. Let n(k) = k + 12. Let r(g) = 2*n(g) - 5*s(g). Give r(8).
10
Let m(l) = 3*l**3 + 16 - 2*l**3 - 17 + 2*l**2 + 2*l. Give m(2).
19
Let t(v) = -4*v - 29 + 54 - 18 - v**2. Calculate t(-6).
-5
Let y(q) = -q**3 - 7*q**2 - 16*q - 11. Suppose 0 = 5*f + 4*b + 36, 5*f - 6*b = -7*b - 24. Calculate y(f).
5
Suppose -h - 96 = -103. Suppose 4 = h*b - 5*b. Let s(d) = -5*d - 2. Give s(b).
-12
Let v(j) = -j**2 + 10 + 1 - 5 + 3*j. Give v(5).
-4
Let g = -2 - -4. Suppose g*r = 5*v - 17, -2*v = -v - 5. Let h(z) = -z - 4 - 4 + 3 + 2*z. Determine h(r).
-1
Let m = 57 + -51. Let u be (-42)/(-8) - m/(-8). Let c(q) be the first derivative of -q**3/3 + 3*q**2 - q - 2. Determine c(u).
-1
Let y(n) = -4*n**2 - 10*n - 2. Let a(d) = 11*d**2 + 30*d + 8. Let o(f) = -3*a(f) - 8*y(f). Determine o(-10).
-8
Let x = -168 - -280. Let a(w) = -54*w**3 + x*w**3 - 4*w - 2 + 3*w**2 - 57*w**3. Calculate a(-4).
-2
Suppose -5*l - 2*y + 6*y = -3, 2*l + 5*y - 21 = 0. Let v(w) = w**3 + 5*w**2 + 4. Let m be v(-5). Let t(k) = m*k - 3 - l*k + 5*k - k**2 - 2. What is t(6)?
-5
Let v(n) be the third derivative of 1/120*n**6 + 0*n**5 - 14/3*n**3 + 7*n + 0 + 1/24*n**4 - 2*n**2. What is v(0)?
-28
Let g(f) be the third derivative of f**7/720 + f**6/360 + 3*f**5/5 - 14*f**2. Let t(k) be the third derivative of g(k). Give t(2).
16
Let d be 3*33/27*3. Let n = d + -9. Let l(s) = 0 + s**n - 7*s + 2*s + 2 - 9. Determine l(6).
-1
Let u(h) = 4*h - 3. Suppose -126 = -12*k - 9*k. What is u(k)?
21
Let v(n) = -n**3 + 7*n**2 - 4*n - 2. Suppose -5*h - 336 = -4*c + 375, 3*h = c - 428. Let i = -137 - h. Calculate v(i).
10
Let r(h) = -2*h**2 + 3*h + 3. Let f be r(3). Let t(u) = 7*u**2 + 11*u + 6. Let a(i) = -3*i**2 - 6*i - 3. Let q(x) = 5*a(x) + 2*t(x). Give q(f).
9
Let q(j) = 3*j**3 - 3*j**2 + j - 3. Let s be (0 - 2)/((-30)/(-225)*-5). Calculate q(s).
54
Let z(c) be the third derivative of -c**5/40 - 7*c**4/24 - 29*c**3/6 - 2*c**2. Let i(k) be the first derivative of z(k). What is i(-5)?
8
Let f(h) = -5*h - 1. Let x = 14 - -16. Suppose -2*w - 9 = 5*y + 6, 3*y + x = 3*w. Let l be (y - -1)*(-5)/(-20). What is f(l)?
4
Let r(h) = -h + 1. Let l(f) = f - 1 + 2 + 3 + 6. Let u be l(-5). Suppose 4*o - 1 = -u. Calculate r(o).
2
Suppose 17*l - 23*l = 6. Let z(u) = -u**3 + u**2 + u + 1. Calculate z(l).
2
Let g(b) = 7*b + 73. Let n be 240/(-21) - 60/(-140). Calculate g(n).
-4
Suppose -3*y + 5*y - 22 = 0. Let k(f) = 6 - y*f + 1 - 5 + 12*f. Let i(h) = -h**3 + 3*h**2 - h - 2. Let u be i(2). What is k(u)?
2
Suppose 3*d - 29 = -2*d + 3*u, 3*d - 6 = -2*u. Suppose -3*q + d*s - 8 = 5*s, 5*s + 28 = -3*q. Let v(l) = 21*l**2. What is v(q)?
21
Suppose -18 - 30 = -3*r. Suppose r = q + 14. Let l(i) = -5*i**2 + 4*i - 2. Calculate l(q).
-14
Suppose -b - 20 = -2*q + 3*b, -5*b = 25. Let u(y) = -y**3 + q - 2*y**2 - 3 + 11 + 2*y - 6. Calculate u(-2).
-2
Let q(u) = -u**2 - u - 12. Suppose 4*f - 2*h - 8 = 0, 2*f - 3*h - 3 = 9. Let n be (-4 - (-45)/10)*f. Give q(n).
-12
Let w(r) = -r. Let k(l) = -2*l + 36. Let u(p) = -p + 18. Let o(f) = -4*k(f) + 9*u(f). Let j be o(16). Let c be (j*-3)/(-1) + 1. Calculate w(c).
-7
Let j(u) = -5*u**3 + 13*u**2 + 21*u - 37. Let q(v) = -4*v**3 + 13*v**2 + 20*v - 33. Let r(h) = 5*j(h) - 6*q(h). Give r(-12).
49
Let s(f) = f**3 - 4*f**2 + 2. Let u be (-35 + (4 - 3))*-1. Let v = 38 - u. Calculate s(v).
2
Let o(r) = -r**2 + 6*r + 10. Let p be o(7). Let q be 15/10*(-4)/p. Let t(x) = x. What is t(q)?
-2
Let n(p) be the second derivative of -16*p + 1/2*p**2 + 0 - 1/6*p**3. Give n(1).
0
Let n(d) = 1 + 64*d - 59*d - 7 - d**2 + 0*d**2. What is n(5)?
-6
Let q(j) = 24*j + 7*j**2 + j**3 - 3*j**2 - 20*j - j. Give q(-2).
2
Let q(r) = r**2 - 6*r. Let o = -2 + 2. Suppose 5*x - 216 + 66 = 0. Suppose -6*l + x = -o*l. What is q(l)?
-5
Let s(y) = y**3 - 5*y**2 + y + 7. Suppose 3*o - 22 = -43*l + 48*l, -3*l - 6 = 0. What is s(o)?
-5
Let h(k) be the third derivative of k**5/60 - 5*k**4/24 - 3*k**3 - 68*k**2 + 2*k. Calculate h(7).
-4
Suppose 0 = -4*u + 3*u - 3. Let f(k) = -5*k + 2. Let z(t) = -6*t + 2. Let x(r) = -5*f(r) + 4*z(r). Determine x(u).
-5
Let n(r) = -2*r**3 - r + 1. Let k(x) = -x**3 - 5*x**2 - 8*x - 1. Let z(f) = -k(f) + n(f). Calculate z(6).
8
Let r be (-33)/(-6) - (-2)/(4/3). Let d(p) = 10*p**2 - p + r*p**2 - 16*p**2. Determine d(3).
6
Let w(r) = 6*r + 5. Let j(u) = -3*u - 2. Let z(s) = -5*j(s) - 2*w(s). Let q = -37 + 50. Suppose -3*b - 25 = -q. Give z(b).
-12
Let y be (-3)/(3/(-4)*2). Suppose -27 = -g - y. Let u(f) = 4*f + g*f**2 + f + 4 - 23*f**2. Determine u(-3).
7
Let l = -32 - -34. Let w(r) = -13*r**2 + 4 + r**l - 4*r + 6*r**2 + 4*r**2. Determine w(-4).
-12
Suppose 5*c + 1 = -14. Let m(z) = -3*z + 7. Let t(q) be the second derivative of q**3/2 - 3*q**2 + 2*q. Let i(f) = c*t(f) - 2*m(f). What is i(3)?
-5
Let z(n) = -3*n**2 - n + 4. Let i(b) = b**2 - 115*b - 1 + 115*b. Let t(g) = 5*i(g) + z(g). Suppose 5*v + 2 = -3. What is t(v)?
2
Let k(t) = 6*t + 2. Let l(p) = -17*p - 4. Let y(a) = -8*k(a) - 3*l(a). Determine y(9).
23
Let d be (-1 - 12/(-11))/(55/605). Let p(s) = -5*s**2 - 5. Let x(q) = -q**2 + 1. Let g(n) = -p(n) - 6*x(n). What is g(d)?
10
Suppose -423*z - 10 = -421*z. Let c(b) = -b**3 - 4*b**2 + 8*b + 11. Calculate c(z).
-4
Suppose o - 4*o + 9 = 0. Let g(j) = j - 1. Let n be g(o). Let u(k) = 7 - 14*k + 9*k - 2*k**n + 3*k**2. What is u(5)?
7
Let y(h) = -h**3 + 5*h**2 + 6*h + 2. Suppose -4*w = -3*f + 2, 2*f + f = 2*w + 10. Determine y(f).
2
Let f(w) be the second derivative of w**3/6 - 3*w**2/2 + 5*w. Let u = -164 - -172. What is f(u)?
5
Let k = -26 + 30. Let y be k/(((-80)/25)/(-4)). Let q(l) be the second derivative of -l**5/20 + l**4/2 - 2*l**3/3 + l**2 - l. Calculate q(y).
7
Suppose 5*f - 4 = 31. Let p(j) = j**2 - 7*j - 2. Calculate p(f).
-2
Let l(f) = 3*f**3 - 6*f**2 - 7*f - 7. Let m(k) be the first derivative of -k**4 + 7*k**3/3 + 4*k**2 + 8*k + 22. Let q(h) = 3*l(h) + 2*m(h). Give q(5).
-5
Let s(w) = -w**2 + 5*w + 8. Let j be s(7). Let f be (-8)/6*j*(-15)/(-20). Let g(h) = -3 - 2 + 2*h - h. Determine g(f).
1
Let c(i) be the first derivative of -i**3/3 - 9*i**2/2 - 581. Suppose -2*t - 14 = a, t - 4*a = 5 - 30. What is c(t)?
0
Let i(o) = -11*o**3 + 10*o**2 + 11. Let b(d) = 31*d**3 - 29*d**2 - 31. Let m(t) = 6*b(t) + 17*i(t). Calculate m(-3).
-8
Let q be (3/(-24) + (-9)/24)*2. Let b(i) = 48*i**2 + 2*i + 1. Give b(q).
47
Let t(m) = -m + 25 + 2*m**2 - 3 - 3*m**2 - 15. Let i be t(3). Let q(c) = 5*c + 2*c**3 - c**3 - 4*c**2 - 3 - 2*c**3. Give q(i).
-3
Let l(v) be the third derivative of -v**6/60 + v**5/120 - v**4/24 + v**3/6 - 23*v**2. Let z(k) be the first derivative of l(k). What is z(1)?
-6
Let i(n) = n. Suppose -4*h - 12 = g, h - 2*g + 6*g + 18 = 0. Let s be ((-8)/(-10))/(h/(-45)). Suppose 0 = -z - 2*z + s. Determine i(z).
6
Let l(u) be the first derivative of -u**3/6 + 2*u - 2. Let t(z) be the first derivative of l(z). Let c(b) = -3*b + 9. Let d(g) = c(g) - 2*t(g). Calculate d(5).
4
Suppose -2*c = -1 - 9. Let a(p) be the second